2
What is -56 (base 10) in base 12?
-48
-13b (base 14) to base 12
-189
Convert 336 (base 8) to base 9.
266
What is -4 (base 8) in base 14?
-4
What is -1 (base 4) in base 11?
-1
Convert -3 (base 12) to base 6.
-3
Convert -5 (base 15) to base 14.
-5
What is 2320 (base 4) in base 2?
10111000
Convert 31 (base 9) to base 11.
26
4 (base 13) to base 11
4
Convert 0 (base 15) to base 5.
0
144 (base 7) to base 3
10000
301 (base 4) to base 12
41
Convert -86 (base 12) to base 6.
-250
11 (base 15) to base 3
121
-40 (base 15) to base 14
-44
Convert -2 (base 12) to base 9.
-2
What is 2004 (base 5) in base 6?
1102
What is 25 (base 11) in base 12?
23
Convert -4 (base 12) to base 13.
-4
What is 4 (base 7) in base 2?
100
-12 (base 9) to base 4
-23
Convert 8 (base 9) to base 4.
20
Convert 5b (base 12) to base 13.
56
0 (base 8) to base 5
0
-10301 (base 4) to base 15
-155
-1 (base 6) to base 5
-1
What is -101 (base 5) in base 3?
-222
Convert -24 (base 7) to base 14.
-14
What is -1011 (base 4) in base 14?
-4d
What is 5 (base 7) in base 3?
12
2 (base 9) to base 16
2
Convert 0 (base 4) to base 9.
0
Convert -220 (base 5) to base 11.
-55
Convert -100111100 (base 2) to base 5.
-2231
What is 4 (base 9) in base 15?
4
-14 (base 8) to base 13
-c
Convert 2 (base 6) to base 9.
2
Convert 2 (base 3) to base 8.
2
Convert 1 (base 16) to base 3.
1
4 (base 12) to base 11
4
Convert -9 (base 12) to base 13.
-9
What is 2 (base 15) in base 4?
2
What is -11 (base 10) in base 2?
-1011
What is 32 (base 15) in base 5?
142
What is -3 (base 11) in base 12?
-3
What is -31 (base 16) in base 15?
-34
What is 13 (base 8) in base 12?
b
Convert -11 (base 8) to base 3.
-100
What is 205 (base 7) in base 2?
1100111
34 (base 11) to base 15
27
What is 1041 (base 5) in base 11?
123
-2 (base 16) to base 5
-2
Convert 14 (base 10) to base 3.
112
Convert -4 (base 10) to base 2.
-100
Convert -8 (base 14) to base 6.
-12
What is -115 (base 8) in base 13?
-5c
What is -4c (base 13) in base 7?
-121
What is 1100 (base 2) in base 7?
15
What is 20 (base 4) in base 8?
10
Convert -7 (base 10) to base 12.
-7
What is -e1 (base 15) in base 13?
-133
Convert -11 (base 15) to base 14.
-12
Convert 5 (base 9) to base 16.
5
What is 10 (base 10) in base 7?
13
Convert 4 (base 5) to base 12.
4
Convert -175 (base 12) to base 9.
-278
What is -6 (base 12) in base 2?
-110
Convert -312 (base 4) to base 5.
-204
43 (base 5) to base 11
21
Convert -51 (base 7) to base 5.
-121
Convert -198 (base 12) to base 6.
-1112
What is -8 (base 10) in base 13?
-8
-11 (base 15) to base 3
-121
What is 0 (base 2) in base 3?
0
Convert 3 (base 6) to base 7.
3
What is -100 (base 2) in base 3?
-11
Convert 69 (base 11) to base 3.
2210
b (base 15) to base 12
b
What is 5 (base 14) in base 6?
5
What is 9 (base 12) in base 13?
9
Convert -2 (base 11) to base 3.
-2
89 (base 14) to base 15
81
What is 6 (base 9) in base 8?
6
Convert 2 (base 10) to base 4.
2
Convert -14 (base 6) to base 4.
-22
-1e (base 16) to base 8
-36
-313 (base 4) to base 7
-106
Convert 8 (base 10) to base 9.
8
Convert 46 (base 13) to base 14.
42
What is 234 (base 6) in base 5?
334
-7 (base 15) to base 10
-7
Convert -280 (base 10) to base 12.
-1b4
Convert 1 (base 15) to base 7.
1
What is 28 (base 11) in base 5?
110
Convert -8 (base 9) to base 16.
-8
What is -102 (base 6) in base 5?
-123
What is 0 (base 16) in base 7?
0
-2 (base 4) to base 14
-2
What is 5 (base 8) in base 6?
5
Convert -1 (base 4) to base 13.
-1
Convert -1 (base 11) to base 14.
-1
106 (base 7) to base 11
50
-11 (base 6) to base 2
-111
Convert 1 (base 15) to base 3.
1
2 (base 9) to base 4
2
Convert -200 (base 5) to base 16.
-32
What is -4a (base 12) in base 5?
-213
-10 (base 14) to base 15
-e
-2 (base 10) to base 13
-2
-12 (base 8) to base 5
-20
What is 11 (base 4) in base 6?
5
What is -4 (base 16) in base 3?
-11
What is -6 (base 7) in base 15?
-6
What is 5 (base 11) in base 5?
10
13 (base 6) to base 10
9
What is 7 (base 8) in base 10?
7
1 (base 2) to base 15
1
Convert 7 (base 14) to base 12.
7
-2133 (base 4) to base 3
-12220
What is -62 (base 14) in base 9?
-105
-4 (base 12) to base 14
-4
What is 11 (base 6) in base 4?
13
-30 (base 4) to base 10
-12
What is 42 (base 14) in base 6?
134
Convert 57 (base 12) to base 8.
103
What is 3 (base 11) in base 7?
3
Convert -102201 (base 3) to base 13.
-1b4
-10100 (base 3) to base 9
-110
What is 1d (base 14) in base 15?
1c
What is 111001 (base 3) in base 5?
2402
2 (base 10) to base 2
10
-27 (base 10) to base 3
-1000
What is 14 (base 16) in base 10?
20
c (base 13) to base 6
20
-150 (base 10) to base 8
-226
What is -40 (base 12) in base 2?
-110000
Convert 6 (base 15) to base 3.
20
What is 6 (base 14) in base 10?
6
-113 (base 10) to base 16
-71
10 (base 7) to base 14
7
-50 (base 7) to base 9
-38
Convert -52 (base 6) to base 12.
-28
What is -14 (base 8) in base 9?
-13
88 (base 10) to base 16
58
Convert -10 (base 4) to base 13.
-4
What is -10122 (base 3) in base 13?
-77
What is 4 (base 5) in base 6?
4
What is -61 (base 12) in base 14?
-53
What is 2 (base 16) in base 11?
2
-15 (base 6) to base 12
-b
Convert -22 (base 10) to base 13.
-19
Convert 61 (base 7) to base 8.
53
-55 (base 13) to base 7
-130
9a (base 16) to base 9
181
Convert -1 (base 16) to base 14.
-1
Convert 0 (base 16) to base 8.
0
Convert -4 (base 8) to base 12.
-4
What is ac (base 15) in base 12?
116
-3 (base 15) to base 9
-3
-3 (base 4) to base 13
-3
-4 (base 12) to base 16
-4
Convert 422 (base 7) to base 16.
d4
Convert -173 (base 10) to base 13.
-104
What is 16 (base 10) in base 5?
31
What is 1010010 (base 2) in base 16?
52
11012 (base 3) to base 12
95
Convert -2 (base 9) to base 2.
-10
Convert 1201 (base 4) to base 15.
67
Convert 108 (base 13) to base 2.
10110001
-a (base 13) to base 11
-a
26 (base 10) to base 8
32
Convert 21 (base 11) to base 15.
18
-12 (base 5) to base 7
-10
-154 (base 6) to base 9
-77
What is 100 (base 2) in base 16?
4
What is 1110 (base 3) in base 8?
47
What is 43 (base 6) in base 15?
1c
Convert -15 (base 9) to base 13.
-11
What is 3 (base 11) in base 15?
3
Convert -4 (base 11) to base 3.
-11
Convert 0 (base 11) to base 9.
0
What is -200 (base 13) in base 4?
-11102
33 (base 12) to base 2
100111
What is -13 (base 10) in base 14?
-d
What is 12 (base 9) in base 5?
21
Convert 30 (base 4) to base 14.
c
Convert -3 (base 4) to base 8.
-3
What is -2 (base 13) in base 7?
-2
Convert -40 (base 12) to base 3.
-1210
-556 (base 7) to base 11
-240
What is -7 (base 15) in base 8?
-7
Convert 423 (base 6) to base 12.
113
What is 65 (base 7) in base 9?
52
What is -4 (base 6) in base 2?
-100
Convert 2c (base 16) to base 5.
134
4 (base 7) to base 13
4
Convert -4 (base 8) to base 11.
-4
Convert 34 (base 5) to base 2.
10011
What is -5 (base 15) in base 2?
-101
Convert -8 (base 16) to base 2.
-1000
What is -d (base 16) in base 9?
-14
What is -26 (base 12) in base 2?
-11110
-52 (base 12) to base 14
-46
What is 3 (base 12) in base 2?
11
What is 9 (base 14) in base 13?
9
111000 (base 2) to base 5
211
Convert -62 (base 12) to base 14.
-54
120 (base 6) to base 9
53
-17 (base 9) to base 14
-12
Convert -48 (base 10) to base 16.
-30
42 (base 14) to base 12
4a
What is -110110 (base 3) in base 5?
-2321
Convert -4 (base 14) to base 2.
-100
What is 11 (base 14) in base 13?
12
What is 366 (base 8) in base 15?
116
3 (base 16) to base 8
3
Convert -100101101 (base 2) to base 10.
-301
-3 (base 6) to base 7
-3
What is 4 (base 16) in base 10?
4
Convert -65 (base 7) to base 9.
-52
What is 4 (base 8) in base 2?
100
What is -4 (base 6) in base 2?
-100
What is -2322 (base 4) in base 16?
-ba
What is 5 (base 14) in base 10?
5
What is 211 (base 7) in base 15?
71
Convert 3 (base 15) to base 7.
3
What is -1 (base 4) in base 14?
-1
Convert -110 (base 2) to base 7.
-6
2 (base 4) to base 12
2
-23 (base 7) to base 2
-10001
23 (base 4) to base 10
11
What is -12 (base 13) in base 11?
-14
Convert 1 (base 9) to base 14.
1
20 (base 4) to base 11
8
What is -311 (base 5) in base 16?
-51
-2 (base 3) to base 7
-2
Convert -18 (base 10) to base 7.
-24
What is -78 (base 11) in base 9?
-104
What is -11 (base 2) in base 16?
-3
0 (base 11) to base 3
0
What is -11 (base 2) in base 7?
-3
Convert 202 (base 4) to base 9.
37
-2 (base 16) to base 6
-2
What is 3 (base 10) in base 9?
3
27 (